atest common divisor of b and o.
11
Suppose -10 = 5*u, -3*x + 2*x + 3*u = 0. Let z be (3/(-9))/(1/x). Suppose -z*k + 43 = -165. Calculate the highest common factor of k and 13.
13
Let h(w) = -w + 6. Let v be h(-7). Let o = -84 - 14. Let j = -59 - o. What is the greatest common factor of j and v?
13
Suppose 8 = d - 4. Let o be (2/4)/(1/d). Let u be ((-9)/4)/(9/(-192)). What is the greatest common factor of u and o?
6
Let w be 134/12 + (-5)/(1 + 29). What is the highest common factor of 33 and w?
11
Let o be 1 + 90/3 - -1. Calculate the greatest common factor of o and 4.
4
Suppose -2*l + 3*k + 36 = 0, -2*l + 53 - 5 = 3*k. Suppose -4*j + 27 = -l. Calculate the highest common factor of j and 12.
12
Let q = -33 + 86. Let p = q + -23. What is the highest common divisor of p and 75?
15
Let d(y) = y**3 - 8*y**2 - 5*y - 12. Suppose -8*g + 23 = 2*q - 3*g, 5*q + 2*g - 47 = 0. Let u be d(q). Calculate the greatest common factor of u and 36.
12
Suppose 4*y = 86 - 34. Let o(x) = x**2 + 13. Let b be o(0). Calculate the greatest common divisor of y and b.
13
Let h be (-376)/(-16) - (-6)/(-4). Let m be (-8)/(-44) - 163/(-11). Let r = m - 4. Calculate the greatest common factor of h and r.
11
Let c be (-54)/(-7) + 2/7. Suppose j + 4*v = 2*v + 22, 0 = 2*v - c. Calculate the greatest common factor of j and 21.
7
Let b = 18 + 15. Calculate the highest common divisor of b and 297.
33
Let v = -84 + 124. Let p(w) = w**2 + 6*w - 4. Let c(u) = -3*u + 2. Let t(l) = 7*c(l) + 3*p(l). Let h be t(2). What is the highest common divisor of h and v?
8
Let t be ((-4)/3)/((-20)/12 + 1). Calculate the highest common factor of 14 and t.
2
Suppose 14 = 6*q - 5*q. Suppose -8*w + 12 + 4 = 0. What is the highest common factor of w and q?
2
Let f(h) be the second derivative of h**4/6 + h**3 + 9*h**2/2 - h. Let x be f(-6). What is the greatest common factor of 5 and x?
5
Let n = -6 - -21. Calculate the greatest common divisor of n and 75.
15
Let j = -6 - -4. Let n be 20/3 + j/(-6). Suppose 0*m + n = m. Calculate the highest common factor of 35 and m.
7
Let a(i) be the second derivative of -2*i**3/3 + 2*i**2 - i. Let o be a(-3). Calculate the highest common divisor of o and 40.
8
Let a(u) = -u**2 - 19*u + 3. Let j be a(-15). Suppose -1 = -2*r + r, -4*r - 10 = -2*b. Calculate the greatest common factor of j and b.
7
Suppose 5*l + p = 717, 0 = 3*l + 2*l + 2*p - 714. Suppose -d + 288 = d. Suppose -5*h - 54 = -d. Calculate the greatest common factor of h and l.
18
Let r = -168 + 178. Let f be (-1)/((-1)/(-2)) + 92. Calculate the highest common divisor of r and f.
10
Let l = 97 - 82. Calculate the greatest common divisor of 45 and l.
15
Let v(b) be the first derivative of b**3/3 - 5*b**2/2 + 2*b - 3. Let h be v(6). Calculate the highest common divisor of h and 32.
8
Let u(c) = 3*c**2 + 21*c + 16. Let r(s) = -s**2 - 7*s - 5. Let t(k) = -8*r(k) - 3*u(k). Let h be t(-4). Calculate the highest common divisor of h and 12.
4
Suppose 0 = t - 4*t. Suppose t = l + l. Suppose 0 = -w - l + 7. What is the highest common divisor of w and 63?
7
Let p(k) = 2*k**2 - 9*k - 12. Let v be p(6). What is the highest common factor of 9 and v?
3
Let g = 213 + -80. Calculate the greatest common factor of g and 19.
19
Let s(j) = -4*j - 57. Let w(o) = 5*o + 58. Let z(l) = -4*s(l) - 3*w(l). Let g be z(0). Calculate the greatest common divisor of 6 and g.
6
Suppose 3*l - 151 = c, c - 103 = -2*l + 4*c. Let z(g) = g**2 + 5*g - 2. Let i be z(-6). Let f = i + 6. What is the greatest common divisor of f and l?
10
Let k = -88 + 123. Let b = k - 11. Let l(z) = z**3 - 5*z**2 - 5*z - 3. Let n be l(7). What is the highest common divisor of n and b?
12
Let m be 1200/9 - 1/3. What is the greatest common divisor of 19 and m?
19
Let s(v) = v**3 + 6*v**2 + 5. Let r be s(-6). Calculate the greatest common factor of 1 and r.
1
Let c = 17 - -9. What is the highest common divisor of c and 286?
26
Let c(j) = -j**2 + 11*j + 13. Let f be c(7). Calculate the greatest common factor of f and 410.
41
Let x(t) = -t**3 - 13*t**2 - 5*t + 19. Let s be x(-14). Suppose s = -7*b + 12*b. Calculate the highest common divisor of 19 and b.
19
Let n(u) = 2*u - 15. Let s = -4 - -15. Let f be n(s). Calculate the greatest common factor of f and 35.
7
Suppose 3*q - 5*w - 32 = 0, w = -6*q + 4*q + 4. Let f be 18/(2/(-4)*-1). Calculate the greatest common factor of q and f.
4
Suppose 3*a - a = 2, -2*a = 4*d - 42. What is the greatest common factor of 5 and d?
5
Let r be 35/10 - (-6)/(-4). Let w be (-3)/9*-6 + r. Let f = -3 - -4. What is the highest common factor of f and w?
1
Let g(j) = j**3 - j**2 - 2*j + 3. Let a be ((-12)/21)/((-2)/7). Let u = 5 - a. Let x be g(u). What is the greatest common factor of x and 15?
15
Let q(g) = g**2 - 3*g + 32. Let a be q(0). What is the highest common divisor of a and 4?
4
Let t be 1/((-95)/25 - -4). Suppose -5*d + 4*o + 216 = 0, -2*d - 5*o = -56 - 4. What is the highest common factor of t and d?
5
Let q be (-14)/(-42) + 62/3. What is the highest common divisor of 14 and q?
7
Let d(f) = f**3 - 3*f**2 + 3*f. Let h be d(5). Calculate the greatest common divisor of 26 and h.
13
Suppose 2*j - 4*w = -0*w - 14, 2*j + 2 = w. What is the greatest common factor of j and 2?
1
Let j = -8 + 14. Suppose 4*p = j*p - 4. Suppose 12 = v + 3*v, 9 = u + 2*v. What is the highest common divisor of p and u?
1
Let f = 24 - 9. Calculate the greatest common divisor of 135 and f.
15
Let p(r) = 2*r**3 - 11*r**2 + 6*r - 3. Let f be p(5). Calculate the highest common factor of 34 and f.
2
Let b be (57 - 2)/(-3 + (-12)/(-3)). Calculate the greatest common factor of b and 11.
11
Let f be 13/((1 + 0)*-1). Let v = 1 - f. Let q be 14/63 + 376/9. Calculate the highest common divisor of v and q.
14
Let a(w) = w**2 + 5*w + 1. Let y be a(-4). Let c(m) = m**3 + 3*m**2 + 4*m + 3. Let f be c(-3). Let p = y - f. Calculate the highest common factor of 24 and p.
6
Let p(o) be the second derivative of o**3/6 + 5*o**2 - 3*o. Let b be p(-3). Calculate the highest common factor of b and 56.
7
Suppose 17 - 2 = 3*h. Calculate the highest common factor of h and 1.
1
Let g(u) = u + 6. Let x be g(5). Calculate the highest common factor of x and 55.
11
Let b = 2 - 1. Let u(q) be the second derivative of q**4/2 + q**3/3 - q**2/2 + 4*q. Let j be u(b). What is the highest common factor of j and 77?
7
Let o(k) = -k**2 + 6*k + 3. Let s be o(6). Suppose -s*f + 8*f = 65. What is the greatest common factor of 52 and f?
13
Let n(y) = -9*y - 1. Suppose 3*f - 8*f = 25. Let l be n(f). Calculate the greatest common divisor of l and 4.
4
Suppose -27 = 4*f - 7*f. Calculate the greatest common factor of f and 9.
9
Suppose -o = t - 8 - 0, -5*t + 3*o = -32. Let u be (-3)/(5/4 + -2). Let v = 46 - u. What is the highest common factor of t and v?
7
Let k(s) = 5*s**2 - 5*s - 6. Let a = -5 - -9. Let j(p) = -p**2 + 6*p - 2. Let r be j(a). Let h be k(r). What is the highest common factor of h and 18?
18
Let l be 0 + -4 + 6 - -166. What is the greatest common factor of l and 24?
24
Suppose 2*b - 495 = -5*o, 5*o + b - 495 = -0*b. Let q be 45/(-10)*((0 - -1) + -3). Calculate the greatest common factor of o and q.
9
Suppose -3*j + 37 = 19. Calculate the greatest common divisor of 2 and j.
2
Let q(j) = -7*j - 2. Let s be q(-3). Suppose 2*p - 4*m = -p + 509, 5*m = 3*p - 508. What is the highest common divisor of s and p?
19
Suppose 354 = 4*w - i, -5*w - 3*i = -39 - 395. Suppose 0*g + g - w = 0. What is the highest common factor of g and 8?
8
Suppose -b + 254 = 3*j, 3*j = 4*b + 5*j - 966. Let z = b + -124. Calculate the highest common divisor of 23 and z.
23
Let d(o) = o**2 + 3*o + 3*o - 7*o - 2*o - 2. Let h be d(6). What is the highest common divisor of 24 and h?
8
Let s be (3/6 - (1 - 1))*28. Let g = 191 + -135. What is the greatest common factor of s and g?
14
Suppose 6 = -5*s + 4*i, -3*s + 5*i - 10 = 4. Let v(z) = 4*z. Let g be v(s). Suppose g*n - 68 = 4*n. What is the highest common factor of 34 and n?
17
Suppose -b - 14 - 2 = 0. Let h(a) = -a**3 - 17*a**2 - 15*a + 23. Let s be h(b). Calculate the highest common factor of s and 21.
7
Let b be (-14)/(-4) - 3/(-6). Suppose 2*p + 2*p - 16 = -2*z, b*p = -5*z + 34. Suppose 0 = -5*h + 2*h + z. Calculate the highest common factor of 4 and h.
2
Let z(x) = 10*x**